1*(-2 - 0)/1. Calculate the highest common divisor of 1365 and b.
21
Let f be 1/(-4) - (-228)/16. Let g be ((-13)/((-312)/(-30)))/(1/(-12)) + -1. What is the highest common divisor of g and f?
14
Let b = 16 + -13. Suppose 153 = d + 2*d - 3*r, b*r - 6 = 0. Suppose -56*q = -d*q - 720. Calculate the greatest common divisor of 30 and q.
30
Let g(f) = -2*f**3 - 24*f**2 + 3. Let h be g(-12). Let k be (h - (-435)/(-20))/(2/(-48)). What is the greatest common factor of k and 45?
45
Let f(t) = 6 - 47*t + 10*t + 30 + 7*t. Let h be f(-1). What is the highest common factor of h and 24?
6
Let i(o) be the second derivative of 2*o**3/3 + 53*o**2/2 - 44*o - 1. Let n be i(-11). What is the greatest common divisor of n and 2?
1
Let a(j) be the third derivative of -17*j**4/8 - 25*j**3 - 43*j**2. Let n be a(-6). What is the highest common factor of 12 and n?
12
Let a = 47533 - 44132. What is the greatest common factor of a and 76?
19
Suppose -17*h + 15046 = 3*j, 4*h + 5*j - 3542 = 4*j. What is the greatest common factor of h and 1700?
68
Let w(t) = 144*t + 3388. Let k be w(-22). Calculate the greatest common divisor of 5676 and k.
44
Let v = -7 + 6. Let a(z) = -6*z - 1. Let k be a(v). Let x = -188 - -223. What is the greatest common factor of x and k?
5
Let d = 43 + -23. Let z(j) = j**2 - j - 4. Suppose 7*b - 6*b + 3 = 0. Let o be z(b). What is the greatest common divisor of d and o?
4
Let i(a) = 6*a - 7. Let c be i(5). Let d = 1337 - 1307. Suppose d*g + 1251 = 4011. Calculate the greatest common divisor of g and c.
23
Let a be 9 + -13 + -13 + 784. What is the highest common divisor of a and 104?
13
Suppose 6*u = -3*b + u + 216, -2*b - 3*u = -143. What is the highest common divisor of 5 and b?
1
Let g = -114 + 70. Let b be (g/(-10))/((-12)/30). Let u = b - -44. Calculate the greatest common divisor of 3 and u.
3
Let x = 271 - 135. Suppose -x*l + 137*l = 330. What is the highest common divisor of l and 10?
10
Suppose -47 + 243 = 2*y. Suppose -71*i = -337 - 3451 + 806. What is the greatest common factor of i and y?
14
Let r be 1/5 - (-1384)/5 - -4. Let k = 505 - r. Calculate the greatest common factor of 28 and k.
28
Suppose -4*g + 21032 = -9*z, -3*g = -4*z - 17528 + 1754. Calculate the highest common factor of g and 44.
22
Suppose -13*d - 4*a + 22 = -12*d, 5*d = 3*a + 156. Calculate the highest common factor of 1515 and d.
15
Let h = -9797 + 35498. Calculate the highest common factor of 26 and h.
13
Let l be (1 - 251/5)/(6/30). Let n be (16/(-12))/(l/(-63) + -4). What is the greatest common factor of n and 161?
7
Let i(d) = 400*d - 1415. Let l be i(5). Calculate the greatest common factor of l and 3.
3
Let b = -1394 - -1475. Calculate the greatest common factor of 3 and b.
3
Let s(h) = h**2 - 46*h + 328. Let i be s(7). What is the highest common factor of 9845 and i?
55
Suppose 5*d = -y + 40, -2*d - 5 + 164 = 3*y. Calculate the highest common divisor of 1595 and y.
55
Let t be ((-10920)/(-2860))/((-3)/(-11)). What is the highest common divisor of 8834 and t?
14
Suppose x - 15 = -5*a, a - 2 = x + 1. Suppose -4*y = 3 + 13. Let h be (-8 - -5)/((a - 0) + y). What is the highest common divisor of h and 5?
1
Suppose -34 = -h - 8. Let z = h - 32. Let b be 22/6 - (-4)/z. Calculate the highest common factor of 1 and b.
1
Suppose -5*z + 5*p = -3245, -5*z + p + 4323 = 1062. Suppose -4*k - 1099 = -5*i + z, 1764 = 5*i + 2*k. What is the greatest common factor of i and 11?
11
Suppose 3*t - 3*p - 2784 = 0, 68*t + 4*p - 3672 = 64*t. Calculate the highest common factor of t and 568.
71
Let h be -2 - (-20)/7*28/8. Suppose c = -5*u + 35, c - u = -2*u + 15. What is the highest common factor of c and h?
2
Let s = -1366 - -1446. Calculate the greatest common divisor of 205 and s.
5
Suppose 38*k + 20*k + 43*k = 133926. What is the greatest common factor of 1105 and k?
221
Suppose -3*g - 3*k = -18, 4*g + 31 = 2*k + 73. What is the highest common divisor of 3162 and g?
3
Let b = -282 - -143. Let q = b - -189. What is the highest common factor of 2 and q?
2
Let c(m) = 172*m + 1425. Let k be c(-8). Calculate the greatest common divisor of k and 1568.
49
Let w = 6008 + 880. Calculate the highest common divisor of 63 and w.
21
Let p(v) = 12 + 17 - 77 + 0*v**2 + v**2. Let y be p(-13). Calculate the greatest common factor of y and 11.
11
Let v = -5993 - -6056. Calculate the greatest common factor of 42 and v.
21
Let f(k) = -12 + 18 + 5*k - 3*k**2 + 0*k**2. Let n be f(-1). Let y be (-3 + 1 - n) + 11. What is the highest common factor of 22 and y?
11
Let d = 2041 - -926. What is the greatest common factor of 138 and d?
69
Let s = -4455 - -4458. Suppose -3*k + 43 = -23. Calculate the greatest common divisor of s and k.
1
Let n be (-1 + (0 - -3))*3/6. Let i be (-6)/6*-7 + n + -5. Calculate the highest common factor of 57 and i.
3
Suppose 7*j - 43*j = -20064 - 17196. What is the greatest common divisor of 1955 and j?
115
Let l(h) be the first derivative of -h**4/4 + 13*h**3/3 + 5*h**2/2 + 7*h + 58. Let s be l(11). What is the greatest common divisor of 16 and s?
16
Suppose 0 = -119*y + 127*y + 16. Let k(p) = -4*p**3 + 2*p**2 - 18*p - 38. Let a be k(y). Calculate the greatest common factor of 19 and a.
19
Let h(p) = -42*p - 932. Let v be h(-20). Let i = 254 + -361. Let r = v - i. Calculate the highest common factor of r and 6.
3
Let k = 427 - 423. Suppose 40 = 5*q - 3*h + 23, 0 = 4*q + k*h - 20. Calculate the greatest common divisor of q and 188.
4
Suppose 0 = 32*g - 34*g + 8. Suppose 0 = g*y + 18 - 930. What is the highest common divisor of y and 24?
12
Suppose -10*s = 4*s - 28. Suppose -4*j = s*l - 178, 0*l + 27 = j - 3*l. What is the greatest common divisor of 56 and j?
14
Suppose -2*y - h = -93, -5*y + 2*h + 197 = -31. What is the highest common factor of 2438 and y?
46
Let t = 2293 - 1310. Let r = t + -939. What is the highest common divisor of r and 176?
44
Let g be (615/(-574))/(10/7) - 150/(-8). What is the greatest common divisor of g and 9216?
18
Suppose 20*u - 87962 = -83*u. What is the greatest common factor of 266 and u?
14
Let t = 102 - -172. Let d be (-12)/54 - (t/(-18) + 4). What is the highest common factor of 319 and d?
11
Let r(q) = 26*q**2 + 6*q + 11. Let s(w) = -12*w**2 - 3*w - 6. Let f(n) = 3*r(n) + 5*s(n). Let i be f(-1). What is the greatest common factor of i and 18?
18
Let b be 4/26 + 13 + (11 - 56910/(-195)). What is the greatest common divisor of 3239 and b?
79
Suppose -9*r + 179 = -6*r - 2*f, 295 = 5*r - 4*f. Let q be (57 - 3)*(-5 + 6). Calculate the highest common divisor of q and r.
9
Suppose 0*z - 101 = -z - 5*r, -2*z + 188 = -4*r. Suppose 7*i - z = 5*i. What is the highest common factor of 432 and i?
48
Let m(u) be the first derivative of 51*u**3 - 3*u**2 - 5*u + 51. Let t be m(-1). What is the highest common factor of 56 and t?
14
Let k be -1746 - ((-22)/5 - (-66)/165). Let m be (-74)/407 - (-1 + k/22). Calculate the highest common factor of 440 and m.
40
Let x = -3304 + 3448. What is the highest common factor of 3712 and x?
16
Suppose -1420 = -2*m - 5*w, 0 = -6*m + 10*m - 3*w - 2788. Let r = m + -324. What is the greatest common factor of 47 and r?
47
Let l be 156/(-26) - 7*-2. Let f be (259/(-35) + l)*30. What is the greatest common divisor of 63 and f?
9
Suppose -3*j + 753 = p, -5*j + 751 = p - j. What is the highest common factor of 2208 and p?
69
Let k = -6490 - -6538. What is the greatest common factor of k and 1428?
12
Let y(u) = -8*u**3 - 6*u**2 - u. Let f be y(-2). Let s = 47 - 33. Let v be (s/8)/(1/12). What is the greatest common divisor of v and f?
21
Suppose c - 4116 = -48*c. Let p = 56 + 0. What is the greatest common divisor of c and p?
28
Let q(c) = 4*c**2 + 153*c - 934. Let g be q(6). What is the greatest common factor of 2 and g?
2
Let s be -5*(-6)/195 - 4/26. Suppose 5*t + 30 - 45 = s. Suppose -l - t*g + 75 = -0*l, 3*l - 189 = 3*g. What is the greatest common divisor of l and 99?
33
Let j(p) = 10*p**2 + 89*p + 1147. Let f be j(0). Calculate the highest common divisor of 62 and f.
31
Suppose -89*u + 8202 = -11*u - 2016. Calculate the greatest common factor of 2227 and u.
131
Let m be 68/4 + (-3 - -2). Let s = 92 - 172. Let l be (s/4)/((-2)/4). Calculate the highest common factor of m and l.
8
Suppose 35*p - 133 - 43 = 19*p. Calculate the greate